*v - 63*v + 4491. Is v a prime number?
False
Let u = 1326 + 2018. Suppose -136*j + 140*j - u = 0. Is j/12 - 4 - (-4)/(-6) a prime number?
False
Is 1 + 18 + 252856 + -16 composite?
True
Suppose 5*y + 85 = 5*u, 4*u = 2*u - 3*y + 9. Is (-1)/(u/9) + 1055/4 a prime number?
True
Let m(n) = -n**3 + 258*n**2 + 409*n + 2921. Is m(184) a composite number?
True
Suppose -3*n + 0*w - 12937 = 5*w, 5*w - 21535 = 5*n. Let g = n - -69306. Is g composite?
False
Let n(v) be the third derivative of 739*v**4/24 - v**3/3 + 2*v**2 - 28*v. Is n(3) a prime number?
False
Let r = -20930 - -39849. Is r composite?
False
Suppose 11*l - 7*l - 4 = 0. Suppose 55 - 17 = -2*z + 4*h, h = -l. Is (-4)/14 + (-20964)/z a prime number?
False
Suppose 357*x = 343*x + 508466. Is x a composite number?
False
Let k(s) = -s**2 - 21*s + 22. Suppose -p = 3 + 19. Let w be k(p). Suppose w = -a + 5*a - 3236. Is a prime?
True
Let g(f) be the first derivative of -f**4/4 - 13*f**3/3 - 6*f**2 - 7*f - 1. Let x(j) = j**2 + 20*j + 6. Let t be x(-19). Is g(t) a prime number?
True
Let r(k) = -4*k**2 - 4*k - 17. Let l(h) = 8*h**2 + 9*h + 35. Let n(x) = -6*l(x) - 13*r(x). Is n(-34) composite?
False
Suppose -4*v = 2*w - 127856, -147*w = -v - 142*w + 31997. Is v prime?
False
Suppose 3*u - 2*h - 42939 = 0, h - 21902 + 7594 = -u. Is u a prime number?
False
Let r = -39 - -46. Let q(k) = -3*k**2 + 3*k + 40. Let y(p) = -p**2 + p + 13. Let a(m) = -6*q(m) + 17*y(m). Is a(r) a composite number?
False
Let l = -25 - -28. Let c be ((-6)/(-2))/l + 1. Is c/1*2429/14 a composite number?
False
Let m(i) be the second derivative of 9*i**5/4 - 4*i**4/3 + i**3 + 37*i**2 - i - 12. Is m(11) a composite number?
False
Let l(x) = 37 - 12*x**3 - 10*x**2 + 62*x + 48*x - 97*x. Is l(-8) a prime number?
True
Let x(v) = 194*v**2 + 58*v - 1223. Is x(25) prime?
False
Suppose -4*g - h = -4068479, 18*g + h + 3051368 = 21*g. Is g prime?
False
Suppose 3562922 - 94503 = 7*g - 1608492. Is g a composite number?
False
Let f(r) = -2*r**3 + 125*r**2 + 42*r - 74. Is f(57) a composite number?
True
Suppose 35 = -6*o - o. Let u be (1/2)/(o/(-50)). Suppose -u*x - 6285 = -16880. Is x a prime number?
False
Suppose 6*w - 15621436 = -30*w - 32*w. Is w a composite number?
False
Suppose 24*i = 3909618 + 4568070. Is i a prime number?
True
Let k = 2826 + -1489. Is k composite?
True
Let c be 20/6*1/((-10)/(-12)). Let p be (-5)/(-1 - -6)*1. Is (-557)/p - (4 - c/1) prime?
True
Let d(m) = 70*m**2 + 407*m - 193. Is d(-64) a composite number?
True
Let z be (186/(-124))/(6/20). Is 0/(-1 - z) + (-3 - -3350) prime?
True
Let g be 1780/6*(-9954)/(-28). Suppose -71*n = -56*n - g. Is n a composite number?
True
Suppose 5*f - 2*k - 25 = 14, -3*f + 29 = -4*k. Suppose -5*z = 4*g - f, -z + 0 = -g + 4. Suppose 5*w - o - 263 = 3*o, 147 = g*w + 3*o. Is w composite?
True
Let d be 102/4*20/30. Suppose n + 20 = d. Is (n + 15/6)*-2302 a composite number?
False
Is 4627512/9*90/144 composite?
True
Suppose 3*k - 153*k = 37*k - 21583727. Is k composite?
False
Suppose 0 = 7*m + 29438 + 31217. Is (m/(-30))/((-4)/(-24)) a prime number?
True
Let p(i) = -11*i - 243. Let r be p(-23). Is 1628/(-165) + r - (-43)/15 a composite number?
False
Let b(a) = 5*a**2 - a + 1. Let n(j) = -2*j**2 + j. Let x(p) = -3*b(p) - 7*n(p). Let o be x(-11). Let y = o + 459. Is y a composite number?
False
Let i(g) = -g + 65 - 366 + 4 - 287. Let j be i(0). Let d = 835 + j. Is d prime?
True
Let q be -3 - (-35)/(4 + 1). Suppose -q*n - 14 + 66 = 0. Is 6/39 + 167/n composite?
False
Let c = 40618 - -86534. Is (-3)/15 - c/(-60) a composite number?
True
Let z = 39371 + 236132. Is z composite?
False
Let n(w) = -1156*w**3 - 5*w**2 - 59*w - 7. Is n(-5) a prime number?
False
Let v(w) = 2416*w + 107. Let x be v(-5). Is -3 + -2 - (x - -5) prime?
False
Let q = 3692 + 216399. Is q a prime number?
False
Let z(d) = 3*d + 17. Let t be z(-7). Let y(c) = -20*c**2 - 3*c + 5. Let a be y(t). Let w = 430 + a. Is w composite?
False
Suppose 0*a + 3651 = f + a, 11*a = -5*f + 18285. Is f composite?
True
Let p = 780316 + -522935. Is p prime?
True
Let y = -13 - -16. Suppose -y*q - 4*d = 6 - 2, 20 = -5*d. Suppose -2*b = 3*k - 371, 42 - 189 = -k + q*b. Is k composite?
False
Let j(g) = 891*g - 354*g - 13 - 351*g. Is j(9) prime?
False
Suppose -5*v + 375301 = -3*l, -12*v = -14*v + l + 150122. Is v composite?
True
Let c = -41200 + 248193. Is c prime?
True
Let w(l) = 15*l**2 + 3*l - 21. Let z be w(14). Let d = z + -1418. Is d prime?
True
Is 5109015/45 + (-10)/(-3) a composite number?
False
Let x(d) = -1121*d + 5 + 1 + 238*d - 57 + 18. Is x(-2) prime?
True
Let o(i) = 3*i - 2 + 6 + 5 + 7. Let g be o(13). Let j = 58 + g. Is j a composite number?
False
Let b(y) = -y**2 - 9*y - 19. Let t be b(-4). Suppose -4*a + 3*u - 2*u = -t, 0 = 3*a + 4*u + 4. Suppose 0 = j + 3*x - 350, a*j + 3*x = 5*j - 1732. Is j prime?
True
Let h = -94 - -25. Let a = h - -66. Let u = 62 - a. Is u prime?
False
Suppose 0 = 4*g + 6 + 30. Let r(f) = -f**2 - 20*f - 22. Let j be r(g). Suppose u = -0*u + j. Is u a composite number?
True
Is (2 + (-5)/4)*7869452/1329 a composite number?
False
Suppose -3*q + 13 = 1. Suppose 7*g + s = 8*g - 311, -1551 = -5*g + q*s. Is g a composite number?
False
Let f = -972 + 2648. Suppose 3752 = -4*k - f. Let i = 2276 + k. Is i composite?
False
Let x = -243 + 233. Let v(a) = 16*a**2 - 8*a - 23. Is v(x) composite?
False
Let w(o) = -527*o**3 - 7*o**2 - 2*o. Let v(h) = -1053*h**3 - 15*h**2 - 3*h - 1. Let g(j) = -3*v(j) + 7*w(j). Is g(-2) prime?
False
Suppose -2*s + 3*o + 17 = 0, 2 = -s - o - 2. Let n be (6/(-10))/(s/(-2 + -3)). Suppose 0 = -5*j - 4*y + 2033, 3*j + n*y - 262 = 956. Is j a prime number?
True
Suppose 89*l - 35035 = 82*l. Let i = -2274 + l. Is i a prime number?
True
Is (-3)/(-30) + -4091*177/(-30) a prime number?
True
Suppose -355633 = 5*h + 15*h - 21*h. Is h a composite number?
False
Suppose -11*a + 12*a = 4*q + 36283, -a - 2*q = -36289. Is a composite?
True
Suppose -5*c + 15*c - 704400 = 0. Suppose -c = -5*v - 22130. Is v composite?
True
Suppose -8 = -6*f + 14*f. Let t be f/1 - (-10759)/(-7). Let r = t - -2425. Is r composite?
False
Let w = -68 - 457. Let s = w + 9448. Is s composite?
False
Let k(q) = -5*q + 56. Let n be k(9). Suppose n*w - 8*w = 14733. Is w a prime number?
False
Let d be ((-54)/(-5))/6 + (-2)/(-10). Is 99408/144 + d/3 a composite number?
False
Suppose 6*g + 2285 - 2495 = 0. Suppose g*b = 5*i + 39*b - 21643, -b = -2*i + 8652. Is i prime?
True
Suppose -7*x + 6*x = 8*x - 2159145. Is x prime?
False
Suppose 4*m = -5*r + 175, -4*r = 2*m - 7*m - 140. Let c = r + -31. Suppose j + c*a - 557 = 0, 3*j + 3*a - 823 = 848. Is j composite?
False
Let j(s) = 4*s**2 - 34*s - 71. Let z be j(30). Suppose z + 551 = -3*a. Let i = a + 1541. Is i a prime number?
True
Suppose q + 5*c + 57237 = 233984, 2*q + 5*c - 353524 = 0. Is q a prime number?
True
Suppose -4*y + 4*h + h + 1760697 = 0, 5*y - 2200943 = -4*h. Is y composite?
False
Let r = -27 - -26. Let i(c) = 4*c**2 + 4*c + 2. Let g be i(r). Is -4 - -5 - (-368)/g a composite number?
True
Let y = 65447 + 256062. Is y composite?
False
Let t(r) = -735*r - 34. Let z(w) be the third derivative of -w**6/120 + w**5/15 - 5*w**4/24 + w**3/6 - 33*w**2. Let n be z(3). Is t(n) prime?
False
Suppose 4*m - 84 = -4*a, 3*a - m = -2*m + 61. Let d(v) = 17*v**2 - 80*v - 33. Is d(a) a composite number?
False
Let u be ((-23)/(-2))/(-23)*(-20764)/2. Suppose 665*r - 666*r + u = 0. Is r prime?
False
Let v be (-430)/(-60) - 7/42. Suppose -v*y + 17266 = -5*y. Is y a prime number?
False
Let y = -48 - -51. Suppose 5*a + 4*h + h - 30 = 0, y*a - 3*h = 0. Suppose -z - 290 = -3*z + a*d, 0 = -z - 5*d + 145. Is z a composite number?
True
Suppose -2*m - 10 = 0, -6*a + 5*a + 5*m + 28 = 0. Is (1/a)/(7/16149) a composite number?
False
Suppose -27*j = -14 - 67. Suppose a - j*s - 550 - 1147 = 0, -5*s = -20. Is a a composite number?
False
Let p = 2340 - 915. Let u = 1792 + -1785. Suppose -25630 = -u*h + p. Is h a prime number?
False
Suppose 8*m = 3*m + 10. Suppose -6*t + 7707 = -t + m*s, -t + 1538 = -3*s. Is t composite?
True
Is (553 - -377719) + 12 + -1 a composite number?
False
Let a be ((-52)/(2*1))/(174/(-63336)). Let p = a - 321. Is p prime?
False
Let l(n) = 99*n**2 + 14*n + 271. Is l(14) a composite number?
True
Let z(v) = -76898*v - 3. Is 